 b(w) = -3*w + 6. Let z(f) = 4*b(f) + 9*v(f). Is z(4) composite?
True
Is (-85830)/(-20)*2/3 composite?
False
Let n = 2 - -1. Suppose -38 + 2 = -n*z. Is z/3 + (-1 - 0) a prime number?
True
Suppose -214 = -z - 23. Is z composite?
False
Suppose -2*z - 19 = -5*j + 2*j, j + 2*z = -7. Is 2 - (j + (-160)/2) prime?
True
Suppose -2*a - 4*h - 246 = -0*a, 3*a + 381 = -3*h. Let s = a - -193. Suppose -5 = i - s. Is i a composite number?
True
Let s be 1 + 2*(-1 + 2). Let y(t) = -t**3 + t**2 - 3*t + 2. Let c be y(s). Let f = -14 - c. Is f a composite number?
False
Let m(p) = -50*p. Let j be m(2). Let q = 153 + j. Is q a prime number?
True
Suppose -4*g + d + 469 = -683, -g + 281 = -2*d. Is g a composite number?
True
Let o(s) = -2*s**2 + s**2 + 3*s**2 + 2*s - 1. Let k be o(1). Suppose 4*j - 362 = -2*b, -210 - 66 = -3*j - k*b. Is j composite?
False
Let l(j) = j**2 - 6*j + 3. Let b be l(6). Let c be 45/6*16/3. Suppose 0 = v + b*v - c. Is v prime?
False
Suppose -2*j - b + 26 = -j, -b + 1 = 0. Suppose -117 = 2*m - j. Let q = 69 + m. Is q prime?
True
Let x be (-2)/(-8) + 165/(-20). Let t be (4/(-8))/(2/x). Suppose -t*q + 2 = -12. Is q a composite number?
False
Suppose 0 = a + 1, 3*h + 2*a - 5460 = -a. Is h prime?
False
Let r = 673 + -362. Let z = 664 - r. Is z a prime number?
True
Suppose -5*c + 2*n + 2014 = 3*n, 5*n - 1204 = -3*c. Suppose -4*v - s - 1141 = -370, 2*v = 3*s - c. Let m = -107 - v. Is m a composite number?
True
Let h(q) = 2*q. Let g be h(-2). Is g/14 - 44/(-7) prime?
False
Is 0 + -797*(0 - 1) a composite number?
False
Let w(z) = -z**3 + 5*z**2 + 2*z - 6. Let f be w(5). Let t = f - -19. Suppose 4*k = 33 + t. Is k prime?
False
Let w(v) be the second derivative of -v**3/6 + 71*v**2 + 2*v. Let j = 18 - 18. Is w(j) prime?
False
Let u = -55 - -114. Is u composite?
False
Let o(f) = 20*f**3 + 2*f**2 - 2*f + 1. Is o(3) prime?
False
Suppose -16 = v - 4*x + 2*x, x = 3*v + 53. Is 9/v - (-675)/2 a composite number?
False
Let t = -16 - -10. Let n be (-6)/(-4)*16/t. Is (-1)/n - 195/(-4) a prime number?
False
Suppose -3*s + 60 = 3*y, -2*s - 16 = -y + 13. Let g = 8 + -5. Let a = y + g. Is a a prime number?
False
Suppose -4*j = 5*u - 3789, 3*j - 2885 = 5*u - 87. Is j a prime number?
True
Suppose -3*d + 103 = -5. Let a be (-8)/(-3)*d/16. Suppose 0 = 2*v - 2*y - 71 - 9, 0 = 2*y + a. Is v composite?
False
Let p = 80 - 21. Is p a prime number?
True
Suppose -2*w - 3*w = 0. Let t(i) = i + 53. Is t(w) a composite number?
False
Let o(j) = -15*j - 9. Let z be (-36)/4 - -1*1. Is o(z) composite?
True
Suppose -4*q = -4*l - 100, 3*q - l = -2*l + 91. Let y be (-7)/(-2)*(-40)/(-14). Let w = q - y. Is w a composite number?
False
Let f = -3455 - -4932. Is f a composite number?
True
Suppose -955 = -r - 4*r. Suppose -n = -0*n - r. Is n a prime number?
True
Let g(s) = s**2 - 6. Let x(r) = -3*r + 2. Let v be x(-2). Is g(v) composite?
True
Let a = 9 - -44. Is a composite?
False
Suppose 2 + 7 = m. Suppose m = z - 19. Suppose -x - x = -z. Is x composite?
True
Suppose 0 = 2*m - 411 - 923. Is m a prime number?
False
Let m(t) = t**2 - 13*t + 8. Let y be m(13). Let v(q) = q**2 - 7*q - 10. Let n be v(y). Let h(f) = 8*f**2 + 1. Is h(n) prime?
False
Suppose -3*i = -4*i - 270. Let m = -149 - i. Let n = m - 62. Is n prime?
True
Suppose 4*g + p - 833 = 23, -653 = -3*g + 2*p. Let j = g + -89. Suppose 3*c - j = 33. Is c a composite number?
False
Let b(p) = -p**3 + 3*p**2 - 4*p + 2. Let y be b(2). Is (19/y + -3)*-2 prime?
False
Let v(i) = 2*i**3 - 13*i**2 + 9*i + 9. Is v(10) a prime number?
False
Let q be (-136)/(-14) + (-6)/(-21). Let i be (-3)/(23/q - 2). Is (-8)/20 - 474/i a composite number?
False
Let d(p) = 16*p + 11. Let b = -9 + 20. Is d(b) a composite number?
True
Let t(l) = l - 2. Let p be t(7). Suppose d - 3*a - 7 = -p*a, 4*d + 7 = -a. Is d/2*2*-17 composite?
True
Let f(d) = 271*d - 1. Let a(u) = -u - 6. Let h be a(-8). Is f(h) composite?
False
Let u be 6/4*(-2)/(-1). Suppose -2*v = -u*v + 91. Is v a prime number?
False
Suppose -11 = -d - 3*y, -3 + 11 = 4*y. Let p be (354/(-8))/((-2)/8). Suppose 2*i - 2*u = 68, d*i + 2*u - p = -0*i. Is i a composite number?
True
Suppose b + 20 = 5*b, 4*b - 4 = 4*g. Let m(l) = 5 - 13*l - 3 - g*l. Is m(-3) a prime number?
True
Let s(j) = -j**3 + 9*j**2 - j - 6. Is s(7) prime?
False
Let x = -6 + 9. Suppose -5*p - 4*m + 1211 = 0, -5*m = -8*p + x*p + 1220. Let i = -110 + p. Is i composite?
True
Suppose -3*c = -3*d + 1623, d + 5*c = 373 + 144. Is d a prime number?
False
Suppose 3*y = -b + 934 + 1360, -5*b = 4*y - 11437. Is b a prime number?
False
Suppose 8 = -2*x - 10. Let b(r) = -6*r + 5. Is b(x) prime?
True
Let u(b) = -2*b + 4. Let l be u(6). Let p(i) be the first derivative of 2*i**3/3 + 11*i**2/2 - 3*i - 23. Is p(l) prime?
True
Suppose 724 = 2*p + 3*l, 0*l - l = -3*p + 1097. Suppose -p = -2*n + 293. Is n composite?
True
Let t(u) = u**2 - 3*u - 3. Let z = 11 - 16. Is t(z) prime?
True
Suppose 9*g + 2690 = 14*g. Is g prime?
False
Let d be (0 + 0/(-2))/(-3). Suppose d*w - 154 = w. Let k = -60 - w. Is k a composite number?
True
Is 11/(39/19 + -2) a prime number?
False
Let b = 0 + -1. Let d(z) = z. Let m(n) = -n**3 - 5*n**2 + 6*n + 4. Let k(f) = b*d(f) + m(f). Is k(-6) prime?
False
Is 7259/28 - 2/8 a composite number?
True
Is (-17280)/(-50) - (-4)/10 a composite number?
True
Let o(i) be the second derivative of -i**4/12 + 3*i**3/2 + 9*i**2/2 + 2*i. Suppose 2*y - 3 = 11. Is o(y) a composite number?
False
Let k be (-1 + (-2)/(-6))*3. Let w be (0 + -6)/((-3)/k). Let y(r) = r**2 + r - 1. Is y(w) a prime number?
True
Let i(r) = 6*r**2 + 8*r - 10. Is i(6) a composite number?
True
Let u(b) = 2*b - 4. Let r be u(3). Suppose -4*s = -3*a - 158, 109 = -3*a + r*s - 45. Let o = 177 + a. Is o composite?
False
Let d(z) = z**3 - z**2 + 115. Suppose -2*r + 6*r = 0. Is d(r) a prime number?
False
Let a be 2 + (-3 + -389)/(-2). Suppose a + 118 = 4*j. Is j prime?
True
Let l be (2*-1)/(-1 - 0). Suppose 3*a - 3 = -2*r, -r - a = -l*a - 4. Suppose 0*m = 5*m - r*s - 53, 5*m = 5*s + 45. Is m composite?
False
Let y be (-2)/7 + (-390)/(-91). Is 191*(y + -8)/(-4) prime?
True
Let b be 2/(-1)*1 + -2. Let f = b - -9. Is (7/f + -1)*25 a composite number?
True
Let j be (-76)/10 + 9/15. Let l(a) = -6*a + 2*a - 2*a**3 + 7*a**2 + 3*a**3 + 9. Is l(j) prime?
True
Suppose 5*u - 85 = 305. Suppose 14 = 4*v - u. Is v composite?
False
Suppose -3*q - 9 = 0, -2*z + 6*q + 20 = 2*q. Let c(d) be the third derivative of d**6/24 - d**5/30 + d**4/4 - 5*d**3/6 - 2*d**2. Is c(z) prime?
True
Let w(f) = -f**3 - 4*f**2 + 4*f. Let a be w(-5). Suppose 0 = -l - a*o + 67, 2*l + o = -0*l + 134. Is l a prime number?
True
Suppose -5*v - 564 = p + 2*p, 5*p = -5*v - 570. Let m be (2/6)/((-1)/v). Let k = m - -14. Is k a composite number?
True
Suppose -2*w - 260 = -7*w. Let r = w - -45. Is r prime?
True
Is 2/10 - (-33856)/20 a prime number?
True
Suppose 0 = -2*o + 1 - 3. Is 1/((-1)/3*o) prime?
True
Let q(m) = -m**3 - 7*m**2 - m - 3. Let v be q(-5). Let p = 101 + v. Is p prime?
True
Suppose -700 = -2*a + 2*w, 2*a + 3*a - 1753 = 4*w. Is a a prime number?
True
Suppose -3*m + 34 - 1 = 3*p, -2*m + 2*p = -2. Suppose 0 = 2*q - 5*q + m. Is (-62)/6*(q + -5) a prime number?
True
Let f be (-9)/(-4) + 2/(-8). Suppose -823 = -5*y - 3*q, f*y + 2*y = 5*q + 688. Is y a composite number?
False
Let w be 5*(-2 + 3)*-261. Is (-3)/6 - w/6 prime?
False
Let u be 6/(-4) - 4/8. Let f be (11/(-2))/(u/28). Is 1*(-2)/((-2)/f) prime?
False
Let t = 36 - 20. Let o = 9 - t. Is 1 - 3 - 189/o prime?
False
Let a = 43 - -67. Let i = 175 - a. Is i a composite number?
True
Suppose -29 = 2*q + 5*z, 2*q + z - 6 = 3*z. Let h(a) = 16*a**2 + 4*a + 2. Is h(q) prime?
False
Let g be 1*-6*1/1. Let i(r) = -r - 2. Let m be i(g). Suppose -4*p - 7*t = -3*t - 188, -m*p + 200 = -2*t. Is p prime?
False
Let n(h) = 10*h + 3. Let j = 4 + 1. Is n(j) a prime number?
True
Let y(m) = m**2 - 3*m - m + 6 - 1 + 3*m**2. Is y(4) a prime number?
True
Let t(m) = -52*m + 10. Is t(-3) a composite number?
True
Let c be (-15)/6*(-6)/5. Suppose -2*r = 3*n - 7*r - 5, 0 = c*n + 2*r - 19. Suppose 77 = n*l - 168. Is l prime?
False
Is (2 + -1215)*9/(-9) prime?
True
Let y(h) = -3*h**3 + 5*h**2 - 7. Let k be y(6). Let s = k - -678. Is s composite?
True
Let a(o) = -9*o**2 - 27*o + 1. Let z(x) = 5*x**2 + 14*x - 1